{"id":470,"date":"2020-01-01T15:41:37","date_gmt":"2020-01-01T14:41:37","guid":{"rendered":"https:\/\/evelyne-jardin.fr\/?page_id=470"},"modified":"2020-01-03T10:29:55","modified_gmt":"2020-01-03T09:29:55","slug":"projets-pedagogiques","status":"publish","type":"page","link":"https:\/\/evelyne-jardin.fr\/index.php\/projets-pedagogiques\/","title":{"rendered":"Projets p\u00e9dagogiques"},"content":{"rendered":"\n<h2 class=\"wp-block-heading\">Ing\u00e9nierie de formation, pilotage de projets tuteur\u00e9s et animation de r\u00e9seau, Evelyne Jardin est tr\u00e8s investie dans un master \u00e0 l&rsquo;universit\u00e9 Paris Nanterre.<\/h2>\n\n\n\n<h3 class=\"wp-block-heading\">Ing\u00e9nierie de formation<\/h3>\n\n\n\n<ul><li>Septembre 2019 : ouverture du <strong>cours en ligne \u00ab\u00a0Culture num\u00e9rique\u00a0\u00bb<\/strong>, en partenariat avec l&rsquo;universit\u00e9 de Lille et le service COMETE de l&rsquo;universit\u00e9 Paris Nanterre. Co-animation avec Lionel Barbe (MCF en Info Com). <br>Public : les 50 \u00e9tudiants en Master 1 Humanit\u00e9s et Industries cr\u00e9atives (HIC).<\/li><li>Septembre 2019 : co-animation du <strong>cours en ligne \u00ab\u00a0R\u00e9aliser des vid\u00e9os pro avec un smartphone\u00a0\u00bb<\/strong> sur la plateforme FUN (France Universit\u00e9 Num\u00e9rique) avec Patrick Thierry, enseignant et coordinateur p\u00e9dagogique de la fili\u00e8re \u201cVid\u00e9o\u201c \u00e0 GOBELINS, l\u2019\u00e9cole de l\u2019image. Il forme depuis 25 ans des Chefs Op\u00e9rateurs Prise de vues et R\u00e9alisateurs.<br>Public : les 12 \u00e9tudiants en Master 1 HIC, parcours communication et promotion des organisations.<\/li><li>Septembre 2018 : co-cr\u00e9ation et co-animation du <strong>cours \u00ab\u00a0Veille informationnelle et sourcing\u00a0\u00bb<\/strong> en partenariat avec la Biblioth\u00e8que Universitaire de Nanterre.<br>Public : les 12 \u00e9tudiants en Master 1 HIC, parcours journalisme culturel.<\/li><\/ul>\n\n\n\n<h3 class=\"wp-block-heading\">Projets tuteur\u00e9s<\/h3>\n\n\n\n<p>Depuis 2015, Evelyne Jardin pilote les projets tuteur\u00e9s des \u00e9tudiants en Master 1 HIC, parcours Communication et promotion des organisations (CPO). Ces projets leur permettent de mettre en application les principes re\u00e7us pendant les cours de communication Web et Print. Et ils font d\u00e9couvrir aux \u00e9tudiants des&nbsp;<strong>nouvelles techniques de communication<\/strong>. <\/p>\n\n\n\n<figure class=\"wp-block-image size-large\"><img data-attachment-id=\"398\" data-permalink=\"https:\/\/evelyne-jardin.fr\/banniere-twitter-win\/\" data-orig-file=\"https:\/\/i0.wp.com\/evelyne-jardin.fr\/wp-content\/uploads\/2017\/12\/BANNIERE-TWITTER-WIN.png?fit=1500%2C500&amp;ssl=1\" data-orig-size=\"1500,500\" data-comments-opened=\"1\" data-image-meta=\"{&quot;aperture&quot;:&quot;0&quot;,&quot;credit&quot;:&quot;&quot;,&quot;camera&quot;:&quot;&quot;,&quot;caption&quot;:&quot;&quot;,&quot;created_timestamp&quot;:&quot;0&quot;,&quot;copyright&quot;:&quot;&quot;,&quot;focal_length&quot;:&quot;0&quot;,&quot;iso&quot;:&quot;0&quot;,&quot;shutter_speed&quot;:&quot;0&quot;,&quot;title&quot;:&quot;&quot;,&quot;orientation&quot;:&quot;0&quot;}\" data-image-title=\"Exposition Women In Num\u00e9rique (WIN)\" data-image-description=\"&lt;p&gt;Venez d\u00e9couvrir 13 portraits de femmes, du 6 au 22 d\u00e9cembre \u00e0 l&amp;rsquo;Agora de Nanterre&lt;\/p&gt;\n\" data-image-caption=\"&lt;p&gt;Cr\u00e9dit : fait par mes \u00e9tudiants en Master 1 HIC-CPO&lt;\/p&gt;\n\" data-medium-file=\"https:\/\/i0.wp.com\/evelyne-jardin.fr\/wp-content\/uploads\/2017\/12\/BANNIERE-TWITTER-WIN.png?fit=300%2C100&amp;ssl=1\" data-large-file=\"https:\/\/i0.wp.com\/evelyne-jardin.fr\/wp-content\/uploads\/2017\/12\/BANNIERE-TWITTER-WIN.png?fit=1024%2C341&amp;ssl=1\" decoding=\"async\" loading=\"lazy\" width=\"1024\" height=\"341\" src=\"https:\/\/i0.wp.com\/evelyne-jardin.fr\/wp-content\/uploads\/2017\/12\/BANNIERE-TWITTER-WIN.png?resize=1024%2C341&#038;ssl=1\" alt=\"Image de l'exposition Women In Num\u00e9rique\" class=\"wp-image-398\" srcset=\"https:\/\/i0.wp.com\/evelyne-jardin.fr\/wp-content\/uploads\/2017\/12\/BANNIERE-TWITTER-WIN.png?resize=1024%2C341&amp;ssl=1 1024w, https:\/\/i0.wp.com\/evelyne-jardin.fr\/wp-content\/uploads\/2017\/12\/BANNIERE-TWITTER-WIN.png?resize=300%2C100&amp;ssl=1 300w, https:\/\/i0.wp.com\/evelyne-jardin.fr\/wp-content\/uploads\/2017\/12\/BANNIERE-TWITTER-WIN.png?resize=768%2C256&amp;ssl=1 768w, https:\/\/i0.wp.com\/evelyne-jardin.fr\/wp-content\/uploads\/2017\/12\/BANNIERE-TWITTER-WIN.png?w=1500&amp;ssl=1 1500w\" sizes=\"(max-width: 1024px) 100vw, 1024px\" data-recalc-dims=\"1\" \/><figcaption>Source : l&rsquo;exposition faite par les \u00e9tudiants en Master 1 HIC-CPO, d\u00e9cembre 2017<\/figcaption><\/figure>\n\n\n\n<ul><li> Projet 2015 \u2013 2016 : ils planchent sur des cas de communication Web pour des associations.<\/li><li>Projet 2016 \u2013 2017 : ils cr\u00e9ent des blogues sur une exposition d\u2019art contemporain pour l\u2019espace d\u2019art&nbsp;<a rel=\"noreferrer noopener\" href=\"http:\/\/www.nanterre.fr\/1499-la-terrasse-espace-d-art.htm\" target=\"_blank\">La Terrasse<\/a>.<\/li><li>Projet 2017 \u2013 2018 : ils montent de A \u00e0 Z une&nbsp;<strong>exposition r\u00e9elle et virtuelle<\/strong>&nbsp;sur le th\u00e8me des femmes et du num\u00e9rique pour le festival&nbsp;<a rel=\"noreferrer noopener\" href=\"http:\/\/www.nanterredigital.fr\/\" target=\"_blank\">Nanterre Digital<\/a>.<\/li><li>Projet 2018 \u2013 2019 : ils cr\u00e9ent \u00ab&nbsp;<a rel=\"noreferrer noopener\" href=\"https:\/\/comhumanitesnanterre.wordpress.com\/2018\/11\/23\/escape-game-solidaire-a-luniversite-de-nanterre\/\" target=\"_blank\">Nanterre Pas ta plan\u00e8te<\/a>\u00ab&nbsp;, un&nbsp;<em>espace game<\/em>&nbsp;sur le th\u00e8me du d\u00e9veloppement durable dans le cadre du Festisol, festival des solidarit\u00e9s.<\/li><li>C\u2019est le&nbsp;<strong>premier&nbsp;<em>escape game<\/em><\/strong>&nbsp;cr\u00e9\u00e9 par des \u00e9tudiants de et \u00e0 l\u2019universit\u00e9 de Paris Nanterre.<\/li><li>Projet 2019 \u2013 2020 : les \u00e9tudiantes planchent pour des associations culturelles sur leur communication Web et Print. S\u2019y ajoute une&nbsp;<strong>initiation \u00e0 la fabrication num\u00e9rique<\/strong>&nbsp;(d\u00e9coupe laser) orchestr\u00e9e par le hackerspace Electrolab. <\/li><\/ul>\n\n\n\n<figure class=\"wp-block-image size-large\"><img data-attachment-id=\"489\" data-permalink=\"https:\/\/evelyne-jardin.fr\/index.php\/2020\/01\/01\/chronologie-projets-tuteures-universite-nanterre\/banniere-escape-game-fin\/\" data-orig-file=\"https:\/\/i0.wp.com\/evelyne-jardin.fr\/wp-content\/uploads\/2020\/01\/banniere-escape-game-fin.jpg?fit=1048%2C214&amp;ssl=1\" data-orig-size=\"1048,214\" data-comments-opened=\"1\" data-image-meta=\"{&quot;aperture&quot;:&quot;0&quot;,&quot;credit&quot;:&quot;&quot;,&quot;camera&quot;:&quot;&quot;,&quot;caption&quot;:&quot;&quot;,&quot;created_timestamp&quot;:&quot;0&quot;,&quot;copyright&quot;:&quot;&quot;,&quot;focal_length&quot;:&quot;0&quot;,&quot;iso&quot;:&quot;0&quot;,&quot;shutter_speed&quot;:&quot;0&quot;,&quot;title&quot;:&quot;&quot;,&quot;orientation&quot;:&quot;0&quot;}\" data-image-title=\"Le projet d&amp;rsquo;escape game Nanterre pas ta plan\u00e8te\" data-image-description=\"\" data-image-caption=\"&lt;p&gt;Cr\u00e9dit : les \u00e9tudiants en Master 1, d\u00e9cembre 2019&lt;\/p&gt;\n\" data-medium-file=\"https:\/\/i0.wp.com\/evelyne-jardin.fr\/wp-content\/uploads\/2020\/01\/banniere-escape-game-fin.jpg?fit=300%2C61&amp;ssl=1\" data-large-file=\"https:\/\/i0.wp.com\/evelyne-jardin.fr\/wp-content\/uploads\/2020\/01\/banniere-escape-game-fin.jpg?fit=1024%2C209&amp;ssl=1\" decoding=\"async\" loading=\"lazy\" width=\"1024\" height=\"209\" src=\"https:\/\/i0.wp.com\/evelyne-jardin.fr\/wp-content\/uploads\/2020\/01\/banniere-escape-game-fin.jpg?resize=1024%2C209&#038;ssl=1\" alt=\"Banni\u00e8re Facebook du projet tuteur\u00e9 Nanterre pas ta plan\u00e8te\" class=\"wp-image-489\" srcset=\"https:\/\/i0.wp.com\/evelyne-jardin.fr\/wp-content\/uploads\/2020\/01\/banniere-escape-game-fin.jpg?resize=1024%2C209&amp;ssl=1 1024w, https:\/\/i0.wp.com\/evelyne-jardin.fr\/wp-content\/uploads\/2020\/01\/banniere-escape-game-fin.jpg?resize=300%2C61&amp;ssl=1 300w, https:\/\/i0.wp.com\/evelyne-jardin.fr\/wp-content\/uploads\/2020\/01\/banniere-escape-game-fin.jpg?resize=768%2C157&amp;ssl=1 768w, https:\/\/i0.wp.com\/evelyne-jardin.fr\/wp-content\/uploads\/2020\/01\/banniere-escape-game-fin.jpg?w=1048&amp;ssl=1 1048w\" sizes=\"(max-width: 1024px) 100vw, 1024px\" data-recalc-dims=\"1\" \/><figcaption>Source : l&rsquo;escape game cr\u00e9\u00e9 par les \u00e9tudiants en Master 1 HIC CPO, novembre 2018<\/figcaption><\/figure>\n\n\n\n<p>Pour en savoir plus sur toutes les productions des \u00e9tudiant.es en M1 HIC CPO, d\u00e9couvrez leur blog \u00ab\u00a0<a href=\"https:\/\/comhumanitesnanterre.wordpress.com\/\">Comhumanit\u00e9snanterre<\/a>\u00ab\u00a0.<\/p>\n\n\n\n<h3 class=\"wp-block-heading\">Animation d&rsquo;un r\u00e9seau d&rsquo;anciens<\/h3>\n\n\n\n<p>Depuis plusieurs ann\u00e9es, les \u00e9tudiants du Master HIC CPO sont invit\u00e9.es \u00e0 rejoindre un <strong>groupe priv\u00e9 sur LindekIn<\/strong> o\u00f9 s&rsquo;\u00e9changent des offres de stage, des conseils et une veille sur la communication des industries cr\u00e9atives.<\/p>\n\n\n\n<figure class=\"wp-block-image size-large\"><img data-attachment-id=\"523\" data-permalink=\"https:\/\/evelyne-jardin.fr\/index.php\/projets-pedagogiques\/1er-apero-reseau-oct2019\/\" data-orig-file=\"https:\/\/i0.wp.com\/evelyne-jardin.fr\/wp-content\/uploads\/2020\/01\/1er-apero-reseau-oct2019.png?fit=800%2C800&amp;ssl=1\" data-orig-size=\"800,800\" data-comments-opened=\"1\" data-image-meta=\"{&quot;aperture&quot;:&quot;0&quot;,&quot;credit&quot;:&quot;&quot;,&quot;camera&quot;:&quot;&quot;,&quot;caption&quot;:&quot;&quot;,&quot;created_timestamp&quot;:&quot;0&quot;,&quot;copyright&quot;:&quot;&quot;,&quot;focal_length&quot;:&quot;0&quot;,&quot;iso&quot;:&quot;0&quot;,&quot;shutter_speed&quot;:&quot;0&quot;,&quot;title&quot;:&quot;&quot;,&quot;orientation&quot;:&quot;0&quot;}\" data-image-title=\"1er-apero-reseau-oct2019\" data-image-description=\"\" data-image-caption=\"\" data-medium-file=\"https:\/\/i0.wp.com\/evelyne-jardin.fr\/wp-content\/uploads\/2020\/01\/1er-apero-reseau-oct2019.png?fit=300%2C300&amp;ssl=1\" data-large-file=\"https:\/\/i0.wp.com\/evelyne-jardin.fr\/wp-content\/uploads\/2020\/01\/1er-apero-reseau-oct2019.png?fit=800%2C800&amp;ssl=1\" decoding=\"async\" loading=\"lazy\" width=\"800\" height=\"800\" src=\"https:\/\/i0.wp.com\/evelyne-jardin.fr\/wp-content\/uploads\/2020\/01\/1er-apero-reseau-oct2019.png?resize=800%2C800&#038;ssl=1\" alt=\"\" class=\"wp-image-523\" srcset=\"https:\/\/i0.wp.com\/evelyne-jardin.fr\/wp-content\/uploads\/2020\/01\/1er-apero-reseau-oct2019.png?w=800&amp;ssl=1 800w, https:\/\/i0.wp.com\/evelyne-jardin.fr\/wp-content\/uploads\/2020\/01\/1er-apero-reseau-oct2019.png?resize=300%2C300&amp;ssl=1 300w, https:\/\/i0.wp.com\/evelyne-jardin.fr\/wp-content\/uploads\/2020\/01\/1er-apero-reseau-oct2019.png?resize=150%2C150&amp;ssl=1 150w, https:\/\/i0.wp.com\/evelyne-jardin.fr\/wp-content\/uploads\/2020\/01\/1er-apero-reseau-oct2019.png?resize=768%2C768&amp;ssl=1 768w, https:\/\/i0.wp.com\/evelyne-jardin.fr\/wp-content\/uploads\/2020\/01\/1er-apero-reseau-oct2019.png?resize=50%2C50&amp;ssl=1 50w\" sizes=\"(max-width: 800px) 100vw, 800px\" data-recalc-dims=\"1\" \/><figcaption>Cr\u00e9dit : Evelyne Jardin<\/figcaption><\/figure>\n\n\n\n<p>Depuis octobre 2019, des <strong>ap\u00e9ros r\u00e9seaux<\/strong> sont organis\u00e9s. Un.e ancien.ne du Master vient partager son exp\u00e9rience avec les \u00e9tudiants actuels.<\/p>\n\n\n\n<p class=\"has-text-align-center\">Evelyne Jardin est aussi une experte de la <strong><a href=\"https:\/\/evelyne-jardin.fr\/index.php\/communication-associative\/\">communication associative<\/a><\/strong> et <strong><a href=\"https:\/\/evelyne-jardin.fr\/index.php\/mediation-numerique\/\">m\u00e9diatrice num\u00e9rique<\/a><\/strong>.<\/p>\n","protected":false},"excerpt":{"rendered":"<p>Ing\u00e9nierie de formation, pilotage de projets tuteur\u00e9s et animation de r\u00e9seau, Evelyne Jardin est tr\u00e8s investie dans un master \u00e0 l&rsquo;universit\u00e9 Paris Nanterre.<\/p>\n","protected":false},"author":1,"featured_media":489,"parent":0,"menu_order":0,"comment_status":"closed","ping_status":"closed","template":"","meta":{"jetpack_post_was_ever_published":false,"footnotes":""},"jetpack_sharing_enabled":true,"jetpack_shortlink":"https:\/\/wp.me\/P9icIM-7A","jetpack-related-posts":[{"id":460,"url":"https:\/\/evelyne-jardin.fr\/index.php\/communication-associative\/","url_meta":{"origin":470,"position":0},"title":"Communication associative","author":"Evelyne","date":"1 janvier 2020","format":false,"excerpt":"Depuis 2011, je forme des b\u00e9n\u00e9voles et des responsables associatifs \u00e0 la communication Web. Je suis aussi auteure pour Juris Associations et experte pour Associath\u00e8que.","rel":"","context":"Article similaire","block_context":{"text":"Article similaire","link":""},"img":{"alt_text":"","src":"https:\/\/i0.wp.com\/evelyne-jardin.fr\/wp-content\/uploads\/2021\/10\/formation-strategie-communication-evelyne-jardin-2021-1.png?resize=350%2C200&ssl=1","width":350,"height":200},"classes":[]},{"id":467,"url":"https:\/\/evelyne-jardin.fr\/index.php\/mediation-numerique\/","url_meta":{"origin":470,"position":1},"title":"M\u00e9diation num\u00e9rique","author":"Evelyne","date":"1 janvier 2020","format":false,"excerpt":"Depuis 2011, je suis m\u00e9diatrice num\u00e9rique dans un centre social. Et j'anime une \u00e9mission de radio.","rel":"","context":"Article similaire","block_context":{"text":"Article similaire","link":""},"img":{"alt_text":"Photo de l'enregistrement de l'\u00e9mission Le num\u00e9rique et vous, Radio Agora","src":"https:\/\/i0.wp.com\/evelyne-jardin.fr\/wp-content\/uploads\/2020\/01\/radio-adora-numerique-avril-2019-scaled.jpg?fit=1200%2C900&ssl=1&resize=350%2C200","width":350,"height":200,"srcset":"https:\/\/i0.wp.com\/evelyne-jardin.fr\/wp-content\/uploads\/2020\/01\/radio-adora-numerique-avril-2019-scaled.jpg?fit=1200%2C900&ssl=1&resize=350%2C200 1x, https:\/\/i0.wp.com\/evelyne-jardin.fr\/wp-content\/uploads\/2020\/01\/radio-adora-numerique-avril-2019-scaled.jpg?fit=1200%2C900&ssl=1&resize=525%2C300 1.5x, https:\/\/i0.wp.com\/evelyne-jardin.fr\/wp-content\/uploads\/2020\/01\/radio-adora-numerique-avril-2019-scaled.jpg?fit=1200%2C900&ssl=1&resize=700%2C400 2x, https:\/\/i0.wp.com\/evelyne-jardin.fr\/wp-content\/uploads\/2020\/01\/radio-adora-numerique-avril-2019-scaled.jpg?fit=1200%2C900&ssl=1&resize=1050%2C600 3x"},"classes":[]}],"_links":{"self":[{"href":"https:\/\/evelyne-jardin.fr\/index.php\/wp-json\/wp\/v2\/pages\/470"}],"collection":[{"href":"https:\/\/evelyne-jardin.fr\/index.php\/wp-json\/wp\/v2\/pages"}],"about":[{"href":"https:\/\/evelyne-jardin.fr\/index.php\/wp-json\/wp\/v2\/types\/page"}],"author":[{"embeddable":true,"href":"https:\/\/evelyne-jardin.fr\/index.php\/wp-json\/wp\/v2\/users\/1"}],"replies":[{"embeddable":true,"href":"https:\/\/evelyne-jardin.fr\/index.php\/wp-json\/wp\/v2\/comments?post=470"}],"version-history":[{"count":6,"href":"https:\/\/evelyne-jardin.fr\/index.php\/wp-json\/wp\/v2\/pages\/470\/revisions"}],"predecessor-version":[{"id":535,"href":"https:\/\/evelyne-jardin.fr\/index.php\/wp-json\/wp\/v2\/pages\/470\/revisions\/535"}],"wp:featuredmedia":[{"embeddable":true,"href":"https:\/\/evelyne-jardin.fr\/index.php\/wp-json\/wp\/v2\/media\/489"}],"wp:attachment":[{"href":"https:\/\/evelyne-jardin.fr\/index.php\/wp-json\/wp\/v2\/media?parent=470"}],"curies":[{"name":"wp","href":"https:\/\/api.w.org\/{rel}","templated":true}]}}